
2, 31, 409
What are the prime factors of 2885?
5, 577
What are the prime factors of 9865?
5, 1973
What are the prime factors of 26747?
7, 3821
What are the prime factors of 14455?
5, 7, 59
What are the prime factors of 2855?
5, 571
What are the prime factors of 35393?
35393
List the prime factors of 6107.
31, 197
What are the prime factors of 3443?
11, 313
What are the prime factors of 6457?
11, 587
List the prime factors of 2450.
2, 5, 7
List the prime factors of 5631.
3, 1877
List the prime factors of 83586.
2, 3, 13931
What are the prime factors of 15186?
2, 3, 2531
List the prime factors of 129887.
129887
List the prime factors of 9142.
2, 7, 653
List the prime factors of 29231.
29231
What are the prime factors of 15267?
3, 7, 727
List the prime factors of 7399.
7, 151
List the prime factors of 33.
3, 11
What are the prime factors of 666?
2, 3, 37
What are the prime factors of 1326?
2, 3, 13, 17
What are the prime factors of 2406?
2, 3, 401
List the prime factors of 8398.
2, 13, 17, 19
List the prime factors of 1193.
1193
What are the prime factors of 10596?
2, 3, 883
List the prime factors of 384.
2, 3
What are the prime factors of 42137?
29, 1453
List the prime factors of 1220.
2, 5, 61
What are the prime factors of 94469?
17, 5557
What are the prime factors of 92878?
2, 46439
What are the prime factors of 25745?
5, 19, 271
What are the prime factors of 39013?
13, 3001
List the prime factors of 35315.
5, 7, 1009
List the prime factors of 16752.
2, 3, 349
What are the prime factors of 3906?
2, 3, 7, 31
What are the prime factors of 804?
2, 3, 67
List the prime factors of 71180.
2, 5, 3559
What are the prime factors of 102644?
2, 67, 383
What are the prime factors of 30946?
2, 15473
What are the prime factors of 77483?
7, 11069
List the prime factors of 1259.
1259
What are the prime factors of 31?
31
List the prime factors of 41116.
2, 19, 541
What are the prime factors of 470?
2, 5, 47
List the prime factors of 69154.
2, 71, 487
List the prime factors of 1875.
3, 5
What are the prime factors of 138?
2, 3, 23
What are the prime factors of 40483?
40483
What are the prime factors of 111222?
2, 3, 37, 167
What are the prime factors of 2011?
2011
List the prime factors of 28692.
2, 3, 797
List the prime factors of 3105.
3, 5, 23
List the prime factors of 4468.
2, 1117
What are the prime factors of 11509?
17, 677
What are the prime factors of 28461?
3, 53, 179
What are the prime factors of 1447?
1447
What are the prime factors of 15759?
3, 17, 103
What are the prime factors of 264?
2, 3, 11
List the prime factors of 33294.
2, 3, 31, 179
List the prime factors of 2037.
3, 7, 97
What are the prime factors of 1514?
2, 757
What are the prime factors of 16946?
2, 37, 229
List the prime factors of 1135.
5, 227
List the prime factors of 47427.
3, 15809
List the prime factors of 64061.
29, 47
List the prime factors of 45671.
109, 419
What are the prime factors of 48168?
2, 3, 223
List the prime factors of 117061.
7, 2389
What are the prime factors of 1599?
3, 13, 41
What are the prime factors of 93?
3, 31
List the prime factors of 27772.
2, 53, 131
What are the prime factors of 145757?
145757
What are the prime factors of 43198?
2, 21599
List the prime factors of 7206.
2, 3, 1201
What are the prime factors of 6348?
2, 3, 23
List the prime factors of 4235.
5, 7, 11
What are the prime factors of 102119?
17, 6007
List the prime factors of 1668.
2, 3, 139
List the prime factors of 5134.
2, 17, 151
What are the prime factors of 693?
3, 7, 11
List the prime factors of 2562.
2, 3, 7, 61
List the prime factors of 72801.
3, 8089
List the prime factors of 12885.
3, 5, 859
List the prime factors of 7718.
2, 17, 227
List the prime factors of 1483.
1483
List the prime factors of 16011.
3, 593
List the prime factors of 6118.
2, 7, 19, 23
List the prime factors of 91363.
211, 433
What are the prime factors of 99013?
99013
List the prime factors of 5495.
5, 7, 157
What are the prime factors of 1731?
3, 577
What are the prime factors of 912?
2, 3, 19
What are the prime factors of 45108?
2, 3, 7, 179
List the prime factors of 15555.
3, 5, 17, 61
What are the prime factors of 480?
2, 3, 5
What are the prime factors of 16160?
2, 5, 101
What are the prime factors of 1619?
1619
What are the prime factors of 53108?
2, 11, 17, 71
What are the prime factors of 4639?
4639
What are the prime factors of 62909?
7, 11, 19, 43
What are the prime factors of 89334?
2, 3, 7, 709
List the prime factors of 7019.
7019
List the prime factors of 151.
151
What are the prime factors of 414?
2, 3, 23
What are the prime factors of 13586?
2, 6793
List the prime factors of 20296.
2, 43, 59
What are the prime factors of 770?
2, 5, 7, 11
List the prime factors of 2512.
2, 157
List the prime factors of 34355.
5, 6871
List the prime factors of 885.
3, 5, 59
List the prime factors of 63.
3, 7
List the prime factors of 27375.
3, 5, 73
What are the prime factors of 6582?
2, 3, 1097
List the prime factors of 1367.
1367
List the prime factors of 28842.
2, 3, 11, 19, 23
What are the prime factors of 19932?
2, 3, 11, 151
What are the prime factors of 4395?
3, 5, 293
What are the prime factors of 266?
2, 7, 19
What are the prime factors of 28801?
83, 347
What are the prime factors of 142?
2, 71
What are the prime factors of 9014?
2, 4507
What are the prime factors of 1541?
23, 67
What are the prime factors of 65598?
2, 3, 13, 29
What are the prime factors of 133342?
2, 11, 19, 29
What are the prime factors of 33082?
2, 7, 17, 139
List the prime factors of 4078.
2, 2039
List the prime factors of 9988.
2, 11, 227
What are the prime factors of 2093?
7, 13, 23
What are the prime factors of 40?
2, 5
What are the prime factors of 184?
2, 23
List the prime factors of 1013.
1013
List the prime factors of 10673.
13, 821
List the prime factors of 114406.
2, 57203
List the prime factors of 38818.
2, 13, 1493
List the prime factors of 2128.
2, 7, 19
List the prime factors of 554.
2, 277
List the prime factors of 6321.
3, 7, 43
What are the prime factors of 21870?
2, 3, 5
What are the prime factors of 1170?
2, 3, 5, 13
What are the prime factors of 7974?
2, 3, 443
What are the prime factors of 1011?
3, 337
List the prime factors of 847.
7, 11
List the prime factors of 45.
3, 5
What are the prime factors of 21525?
3, 5, 7, 41
List the prime factors of 29547.
3, 7, 67
List the prime factors of 27861.
3, 37, 251
List the prime factors of 1760.
2, 5, 11
What are the prime factors of 3351?
3, 1117
List the prime factors of 1802.
2, 17, 53
List the prime factors of 2202.
2, 3, 367
What are the prime factors of 2702?
2, 7, 193
List the prime factors of 15794.
2, 53, 149
List the prime factors of 9836.
2, 2459
What are the prime factors of 1102?
2, 19, 29
List the prime factors of 3637.
3637
What are the prime factors of 7210?
2, 5, 7, 103
What are the prime factors of 16394?
2, 7, 1171
What are the prime factors of 1477?
7, 211
What are the prime factors of 703?
19, 37
What are the prime factors of 680?
2, 5, 17
List the prime factors of 1191.
3, 397
List the prime factors of 6335.
5, 7, 181
What are the prime factors of 11816?
2, 7, 211
List the prime factors of 7669.
7669
What are the prime factors of 3907?
3907
What are the prime factors of 1503?
3, 167
What are the prime factors of 102512?
2, 43, 149
What are the prime factors of 6564?
2, 3, 547
What are the prime factors of 980?
2, 5, 7
List the prime factors of 2748.
2, 3, 229
What are the prime factors of 164693?
157, 1049
What are the prime factors of 1471?
1471
List the prime factors of 91868.
2, 7, 17, 193
What are the prime factors of 2246?
2, 1123
List the prime factors of 12973.
12973
List the prime factors of 15454.
2, 7727
What are the prime factors of 344?
2, 43
List the prime factors of 64.
2
List the prime factors of 1019.
1019
List the prime factors of 8073.
3, 13, 23
What are the prime factors of 4661?
59, 79
What are the prime factors of 3269?
7, 467
What are the prime factors of 11361?
3, 7, 541
List the prime factors of 2371.
2371
What are the prime factors of 4687?
43, 109
What are the prime factors of 96860?
2, 5, 29, 167
List the prime factors of 803.
11, 73
What are the prime factors of 406?
2, 7, 29
What are the prime factors of 299?
13, 23
Lis